{"id":516,"date":"2025-03-18T23:12:36","date_gmt":"2025-03-18T22:12:36","guid":{"rendered":"https:\/\/leseditionsduboutdelaville.com\/?post_type=product&#038;p=516"},"modified":"2025-03-18T23:53:50","modified_gmt":"2025-03-18T22:53:50","slug":"oublier-fukushima-edition-revue-et-augmentee","status":"publish","type":"product","link":"https:\/\/leseditionsduboutdelaville.com\/?product=oublier-fukushima-edition-revue-et-augmentee","title":{"rendered":"Oublier Fukushima, \u00e9dition revue et augment\u00e9e"},"content":{"rendered":"<p>Depuis mars 2011, la catastrophe nucl\u00e9aire de Fukushima s\u2019enfonce dans l\u2019oubli. Alors que cancers et autres maux fleurissent, que des tonnes d\u2019eau radioactive s\u2019\u00e9chappent chaque jour des d\u00e9combres de la centrale, les habitants et les habitantes sont incit\u00e9s au retour dans des zones contamin\u00e9es.<\/p>\n","protected":false},"excerpt":{"rendered":"<p>Depuis mars 2011, la catastrophe nucl\u00e9aire de Fukushima s\u2019enfonce dans l\u2019oubli. Alors que cancers et autres maux fleurissent, que des tonnes d\u2019eau radioactive s\u2019\u00e9chappent chaque jour des d\u00e9combres de la centrale, les habitants et les habitantes sont incit\u00e9s au retour dans des zones contamin\u00e9es.<\/p>\n","protected":false},"featured_media":186,"template":"","meta":{"_monsterinsights_skip_tracking":false,"_monsterinsights_sitenote_active":false,"_monsterinsights_sitenote_note":"","_monsterinsights_sitenote_category":0},"product_brand":[],"product_cat":[22],"product_tag":[30],"class_list":{"0":"post-516","1":"product","2":"type-product","3":"status-publish","4":"has-post-thumbnail","6":"product_cat-non-classe","7":"product_tag-adresses","9":"first","10":"instock","11":"shipping-taxable","12":"purchasable","13":"product-type-simple"},"aioseo_notices":[],"_links":{"self":[{"href":"https:\/\/leseditionsduboutdelaville.com\/index.php?rest_route=\/wp\/v2\/product\/516","targetHints":{"allow":["GET"]}}],"collection":[{"href":"https:\/\/leseditionsduboutdelaville.com\/index.php?rest_route=\/wp\/v2\/product"}],"about":[{"href":"https:\/\/leseditionsduboutdelaville.com\/index.php?rest_route=\/wp\/v2\/types\/product"}],"wp:featuredmedia":[{"embeddable":true,"href":"https:\/\/leseditionsduboutdelaville.com\/index.php?rest_route=\/wp\/v2\/media\/186"}],"wp:attachment":[{"href":"https:\/\/leseditionsduboutdelaville.com\/index.php?rest_route=%2Fwp%2Fv2%2Fmedia&parent=516"}],"wp:term":[{"taxonomy":"product_brand","embeddable":true,"href":"https:\/\/leseditionsduboutdelaville.com\/index.php?rest_route=%2Fwp%2Fv2%2Fproduct_brand&post=516"},{"taxonomy":"product_cat","embeddable":true,"href":"https:\/\/leseditionsduboutdelaville.com\/index.php?rest_route=%2Fwp%2Fv2%2Fproduct_cat&post=516"},{"taxonomy":"product_tag","embeddable":true,"href":"https:\/\/leseditionsduboutdelaville.com\/index.php?rest_route=%2Fwp%2Fv2%2Fproduct_tag&post=516"}],"curies":[{"name":"wp","href":"https:\/\/api.w.org\/{rel}","templated":true}]}}