{"id":529,"date":"2025-03-18T23:27:20","date_gmt":"2025-03-18T22:27:20","guid":{"rendered":"https:\/\/leseditionsduboutdelaville.com\/?post_type=product&#038;p=529"},"modified":"2025-04-15T14:19:00","modified_gmt":"2025-04-15T12:19:00","slug":"abattoir-a-domicile","status":"publish","type":"product","link":"https:\/\/leseditionsduboutdelaville.com\/?product=abattoir-a-domicile","title":{"rendered":"Abattoir \u00e0 domicile"},"content":{"rendered":"<div id=\"short_description_block\">\n<div id=\"short_description_content\" class=\"rte align_justify\">\n<p>C\u2019est l\u2019histoire d\u2019une bande de potes qui montent un groupe de rock and roll au milieu des ann\u00e9es 1980. Ils r\u00eavent de r\u00e9volution, pas de maison de disque. Alors ils ach\u00e8tent un vieux camion qu\u2019ils am\u00e9nagent en sc\u00e8ne nomade et ils se lancent sur les routes pour jouer, partout o\u00f9 on les attend pas, leurs comptines cruelles du vieux monde \u00e0 l\u2019agonie.<\/p>\n<\/div>\n<\/div>\n<p id=\"pQuantityAvailable\">\n","protected":false},"excerpt":{"rendered":"<p>C\u2019est l\u2019histoire d\u2019une bande de potes qui montent un groupe de rock and roll au milieu des ann\u00e9es 1980. Ils r\u00eavent de r\u00e9volution, pas de maison de disque. Alors ils ach\u00e8tent un vieux camion qu\u2019ils am\u00e9nagent en sc\u00e8ne nomade et ils se lancent sur les routes pour jouer, partout o\u00f9 on les attend pas, leurs comptines cruelles du vieux monde \u00e0 l\u2019agonie.<\/p>\n","protected":false},"featured_media":965,"template":"","meta":{"_monsterinsights_skip_tracking":false,"_monsterinsights_sitenote_active":false,"_monsterinsights_sitenote_note":"","_monsterinsights_sitenote_category":0},"product_brand":[],"product_cat":[22],"product_tag":[],"class_list":{"0":"post-529","1":"product","2":"type-product","3":"status-publish","4":"has-post-thumbnail","6":"product_cat-non-classe","8":"first","9":"instock","10":"shipping-taxable","11":"purchasable","12":"product-type-simple"},"aioseo_notices":[],"_links":{"self":[{"href":"https:\/\/leseditionsduboutdelaville.com\/index.php?rest_route=\/wp\/v2\/product\/529","targetHints":{"allow":["GET"]}}],"collection":[{"href":"https:\/\/leseditionsduboutdelaville.com\/index.php?rest_route=\/wp\/v2\/product"}],"about":[{"href":"https:\/\/leseditionsduboutdelaville.com\/index.php?rest_route=\/wp\/v2\/types\/product"}],"wp:featuredmedia":[{"embeddable":true,"href":"https:\/\/leseditionsduboutdelaville.com\/index.php?rest_route=\/wp\/v2\/media\/965"}],"wp:attachment":[{"href":"https:\/\/leseditionsduboutdelaville.com\/index.php?rest_route=%2Fwp%2Fv2%2Fmedia&parent=529"}],"wp:term":[{"taxonomy":"product_brand","embeddable":true,"href":"https:\/\/leseditionsduboutdelaville.com\/index.php?rest_route=%2Fwp%2Fv2%2Fproduct_brand&post=529"},{"taxonomy":"product_cat","embeddable":true,"href":"https:\/\/leseditionsduboutdelaville.com\/index.php?rest_route=%2Fwp%2Fv2%2Fproduct_cat&post=529"},{"taxonomy":"product_tag","embeddable":true,"href":"https:\/\/leseditionsduboutdelaville.com\/index.php?rest_route=%2Fwp%2Fv2%2Fproduct_tag&post=529"}],"curies":[{"name":"wp","href":"https:\/\/api.w.org\/{rel}","templated":true}]}}