{"id":530,"date":"2025-03-18T23:28:16","date_gmt":"2025-03-18T22:28:16","guid":{"rendered":"https:\/\/leseditionsduboutdelaville.com\/?post_type=product&#038;p=530"},"modified":"2025-04-15T14:18:55","modified_gmt":"2025-04-15T12:18:55","slug":"la-peine-de-mort-na-jamais-ete-abolie","status":"publish","type":"product","link":"https:\/\/leseditionsduboutdelaville.com\/?product=la-peine-de-mort-na-jamais-ete-abolie","title":{"rendered":"La peine de mort n&rsquo;a jamais \u00e9t\u00e9 abolie"},"content":{"rendered":"<p>Le 9 octobre 1981, l\u2019\u00c9tat fran\u00e7ais a pris de grands airs de modernit\u00e9 humaniste en abolissant la peine de mort. Depuis des prisonniers et des prisonni\u00e8res prennent la parole pour d\u00e9noncer cette mascarade\u00a0: des dizaines de personnes meurent chaque ann\u00e9e derri\u00e8re les murs dans l\u2019indiff\u00e9rence g\u00e9n\u00e9rale.<\/p>\n<p>Les lettres et communiqu\u00e9s rassembl\u00e9s dans ce livre ont tous paru dans le journal\u00a0<em>L\u2019Envol\u00e9e.<\/em><\/p>\n","protected":false},"excerpt":{"rendered":"<p>Le 9 octobre 1981, l\u2019\u00c9tat fran\u00e7ais a pris de grands airs de modernit\u00e9 humaniste en abolissant la peine de mort. Depuis des prisonniers et des prisonni\u00e8res prennent la parole pour d\u00e9noncer cette mascarade\u00a0: des dizaines de personnes meurent chaque ann\u00e9e derri\u00e8re les murs dans l\u2019indiff\u00e9rence g\u00e9n\u00e9rale. Les lettres et communiqu\u00e9s rassembl\u00e9s dans ce livre ont tous paru dans le journal\u00a0L\u2019Envol\u00e9e.<\/p>\n","protected":false},"featured_media":185,"template":"","meta":{"_monsterinsights_skip_tracking":false,"_monsterinsights_sitenote_active":false,"_monsterinsights_sitenote_note":"","_monsterinsights_sitenote_category":0},"product_brand":[],"product_cat":[22],"product_tag":[],"class_list":{"0":"post-530","1":"product","2":"type-product","3":"status-publish","4":"has-post-thumbnail","6":"product_cat-non-classe","8":"first","9":"instock","10":"shipping-taxable","11":"purchasable","12":"product-type-simple"},"aioseo_notices":[],"_links":{"self":[{"href":"https:\/\/leseditionsduboutdelaville.com\/index.php?rest_route=\/wp\/v2\/product\/530","targetHints":{"allow":["GET"]}}],"collection":[{"href":"https:\/\/leseditionsduboutdelaville.com\/index.php?rest_route=\/wp\/v2\/product"}],"about":[{"href":"https:\/\/leseditionsduboutdelaville.com\/index.php?rest_route=\/wp\/v2\/types\/product"}],"wp:featuredmedia":[{"embeddable":true,"href":"https:\/\/leseditionsduboutdelaville.com\/index.php?rest_route=\/wp\/v2\/media\/185"}],"wp:attachment":[{"href":"https:\/\/leseditionsduboutdelaville.com\/index.php?rest_route=%2Fwp%2Fv2%2Fmedia&parent=530"}],"wp:term":[{"taxonomy":"product_brand","embeddable":true,"href":"https:\/\/leseditionsduboutdelaville.com\/index.php?rest_route=%2Fwp%2Fv2%2Fproduct_brand&post=530"},{"taxonomy":"product_cat","embeddable":true,"href":"https:\/\/leseditionsduboutdelaville.com\/index.php?rest_route=%2Fwp%2Fv2%2Fproduct_cat&post=530"},{"taxonomy":"product_tag","embeddable":true,"href":"https:\/\/leseditionsduboutdelaville.com\/index.php?rest_route=%2Fwp%2Fv2%2Fproduct_tag&post=530"}],"curies":[{"name":"wp","href":"https:\/\/api.w.org\/{rel}","templated":true}]}}

La peine de mort n&rsquo;a jamais été abolie

<p>Le 9 octobre 1981, l’État français a pris de grands airs de modernité humaniste en abolissant la peine de mort. Depuis des prisonniers et des prisonnières prennent la parole pour dénoncer cette mascarade : des dizaines de personnes meurent chaque année derrière les murs dans l’indifférence générale.</p>
<p>Les lettres et communiqués rassemblés dans ce livre ont tous paru dans le journal <em>L’Envolée.</em></p>

<p>Le 9 octobre 1981, l’État français a pris de grands airs de modernité humaniste en abolissant la peine de mort. Depuis des prisonniers et des prisonnières prennent la parole pour dénoncer cette mascarade : des dizaines de personnes meurent chaque année derrière les murs dans l’indifférence générale. Les lettres et communiqués rassemblés dans ce livre ont tous paru dans le journal L’Envolée.</p>
